
Let t(i) = 7*i + 3. Calculate t(2).
17
Let b(m) = -m**2 - 13*m + 11. Give b(-11).
33
Let v(d) = -6*d**2 + 2*d - 3. Calculate v(2).
-23
Let w(i) = 72*i**2 + 2*i + 1. Determine w(-1).
71
Let h(s) = 40*s + 20. Calculate h(0).
20
Let r(b) = -b**3 + 6*b**2 + 7*b + 8. Determine r(7).
8
Let s(o) = o**2 - 10*o - 17. Give s(12).
7
Let n(w) = 2*w**2 - 23*w + 37. Give n(11).
26
Let p(h) = 5*h**3 + 3*h**2. Give p(-2).
-28
Let a(o) = 2*o**3 - 6*o**2 - 8*o + 28. What is a(5)?
88
Let a(r) = r**3 - 16*r**2 + r + 1. Give a(16).
17
Let b(n) = -n**3 - 7*n**2 + 14*n - 33. Determine b(-9).
3
Let z(n) = n**3 + 7*n**2 - 4*n - 9. Give z(-6).
51
Let l(y) = y - 5. Give l(8).
3
Let d(o) = -o - 15. Determine d(-10).
-5
Let h(l) = l**2 + 15*l - 10. Give h(-16).
6
Let w(m) = 3*m - 46. Determine w(15).
-1
Let k(p) = -3*p + 31. Give k(-9).
58
Let d(o) = -2*o**2 + 3*o - 3. Determine d(-3).
-30
Let h(m) = m**3 - 10*m**2 + 2*m - 24. Give h(10).
-4
Let l(w) = 3*w**2 + 17*w - 9. Determine l(-6).
-3
Let r(z) = -z**2 + 11*z + 24. What is r(0)?
24
Let a(d) = 24*d**3 + 2*d + 2. Determine a(-1).
-24
Let t(n) = 8*n + 2. Calculate t(3).
26
Let g(t) = t**2 + 17*t - 18. Calculate g(-18).
0
Let p(q) = -q**3 + 10*q**2 - 7*q - 5. Give p(9).
13
Let p(j) = -j**2 + 4*j + 8. Calculate p(6).
-4
Let l(p) = -3*p - 4. Calculate l(-6).
14
Let t(u) = u + 13. Calculate t(7).
20
Let d(v) = -7*v**2 + 52*v - 10. Determine d(7).
11
Let i(l) = -l + 71. Determine i(25).
46
Let a(m) = -2*m - 5. Calculate a(-4).
3
Let u(z) = z**2 + 38*z + 45. Determine u(-37).
8
Let a(q) = -q**3 - 7*q**2 - 6*q - 11. Calculate a(-5).
-31
Let g(l) = -16*l - 15. Give g(-2).
17
Let f(a) = -3*a - 59. What is f(-20)?
1
Let m(a) = 6*a + 52. Calculate m(-11).
-14
Let i(c) = -c**3 + 10*c**2 - 26*c + 18. Give i(6).
6
Let s(o) = o**3 - 2*o**2 - 13*o + 1. Calculate s(7).
155
Let n(r) = r**3 - 9*r**2 + 4*r - 9. Determine n(8).
-41
Let u(b) = b**3 - 7*b**2 + 5*b - 16. What is u(5)?
-41
Let w(b) = 25*b - 798. Determine w(32).
2
Let m(h) = 3*h + 11. What is m(3)?
20
Let s(a) = a**3 - 4*a**2 + a + 4. Give s(3).
-2
Let i(u) = u**3 - 2*u**2 - 12. Determine i(3).
-3
Let r(g) = -g**3 + 3*g**2 + 6*g + 16. Calculate r(-2).
24
Let v(f) = -2*f + 1. Determine v(1).
-1
Let n(u) = 2*u**2 + 3*u + 1. What is n(1)?
6
Let q(b) = b**3 - b**2 - 6*b + 1. Give q(3).
1
Let h(g) = 18*g - 1. Give h(5).
89
Let g(u) = -2*u**2 + 8*u - 3. Give g(3).
3
Let g(t) = 15*t + 36. Give g(-2).
6
Let q(a) = a**3 - 5*a**2 + a - 10. What is q(5)?
-5
Let t(r) = 6*r - 43. Give t(4).
-19
Let c(d) = -d**2 - 23*d - 26. Calculate c(-22).
-4
Let u(k) = k**2 + 14*k + 1. Calculate u(-11).
-32
Let x(l) = 37*l**3 + 2*l - 1. Give x(1).
38
Let d(q) = 2*q**2 - 27*q - 378. What is d(22)?
-4
Let w(z) = z**2 - 44*z - 536. Calculate w(54).
4
Let a(p) = 5*p - 4. Calculate a(4).
16
Let w(n) = n**2 + n - 3. Determine w(2).
3
Let x(s) = s**3 + 5*s**2 - 23*s - 12. Calculate x(-8).
-20
Let j(f) = -8*f - 40. Determine j(9).
-112
Let v(x) = -x**3 - 7*x**2 + 22*x + 30. Determine v(-9).
-6
Let t(z) = z**3 - 26*z**2 - 2*z + 64. Give t(26).
12
Let a(r) = -9*r + 96. Calculate a(10).
6
Let r(x) = -6*x**3 - 2*x**2 - x. Calculate r(-1).
5
Let b(y) = y + 5. What is b(-3)?
2
Let y(j) = 12*j - 1. Calculate y(-2).
-25
Let u(b) = b**3 + 20*b**2 - 2*b - 38. Calculate u(-20).
2
Let q(l) = -l**2 - 15*l + 36. Calculate q(-17).
2
Let h(g) = -g**3 - 27*g**2 - 49*g + 31. Determine h(-25).
6
Let a(z) = -z**3 - 8*z**2 - 4*z - 17. Calculate a(-6).
-65
Let c(b) = -b**3 + b**2 - 6*b + 5. What is c(0)?
5
Let a(h) = h**3 - 9*h**2 - 12*h + 13. Calculate a(10).
-7
Let x(w) = 3*w - 43. Determine x(19).
14
Let x(d) = -d**2 - 8*d + 1. What is x(-7)?
8
Let t(m) = -m**3 - 14*m**2 - 4*m - 5. Determine t(-13).
-122
Let o(w) = -w**3 + 10*w**2 - 19*w + 17. Calculate o(8).
-7
Let k(i) = -i**3 + 7*i**2 + 3*i + 16. Calculate k(8).
-24
Let n(i) = i**2 + 11*i + 49. Calculate n(-6).
19
Let d(f) = -2*f**2 + 14. Determine d(-7).
-84
Let a(w) = -2*w + 5. Calculate a(-1).
7
Let u(v) = 7*v - 222. Determine u(36).
30
Let m(v) = -v**2 - 15*v - 51. Determine m(-4).
-7
Let y(j) = -35*j + 35. What is y(6)?
-175
Let m(l) = -2*l**3 + 24*l**2 + 23*l + 34. Give m(13).
-5
Let b(x) = 2*x**2 + 8*x - 3. Determine b(-7).
39
Let j(v) = v - 47. Calculate j(-7).
-54
Let c(s) = 199*s**2 + 4*s + 5. What is c(-1)?
200
Let n(g) = 26*g - 33. Give n(2).
19
Let z(h) = -12*h - 39. Determine z(-5).
21
Let n(j) = 17*j**3 + j**2. Give n(-1).
-16
Let o(d) = -d**3 - 7*d**2 + 6*d + 10. Determine o(-8).
26
Let q(i) = -92*i + 57. Determine q(1).
-35
Let w(j) = j**2 + 30*j + 14. Calculate w(-19).
-195
Let h(b) = b**2 - 25*b + 5. Give h(25).
5
Let c(n) = n**3 - 6*n**2 + 9*n - 2. What is c(3)?
-2
Let y(r) = r**2 - 9*r - 21. Determine y(10).
-11
Let x(t) = t**3 + 28*t**2 + 78*t + 71. What is x(-25)?
-4
Let r(d) = 6*d + 8. Calculate r(-8).
-40
Let g(z) = z**3 - 3*z**2 - 13*z + 28. Determine g(4).
-8
Let x(k) = -3*k + 9. Determine x(-5).
24
Let f(n) = -2*n**2 - 15*n - 19. Determine f(-6).
-1
Let v(y) = -y**3 + y**2 + y - 8. Calculate v(0).
-8
Let s(z) = 9*z**3 + z**2 + z - 1. Calculate s(1).
10
Let c(i) = -i**2 - 6*i - 7. Give c(-7).
-14
Let l(s) = 18*s + 11. Calculate l(-8).
-133
Let n(b) = -b**3 - 10*b**2 - b - 33. Give n(-10).
-23
Let b(r) = 2*r**2 + 6*r - 8. Determine b(-7).
48
Let o(u) = 11*u - 202. Give o(20).
18
Let w(l) = 12*l - 48. Give w(-5).
-108
Let b(m) = -8*m**3 - 2*m**2 + 2*m - 1. Determine b(1).
-9
Let w(d) = d**3 + 10*d**2 + 11*d + 23. Give w(-9).
5
Let g(v) = 2*v + 30. Calculate g(-12).
6
Let x(a) = -a**3 + 6*a**2 + 5*a - 11. What is x(6)?
19
Let g(d) = -d**2 - 3*d. What is g(-2)?
2
Let o(m) = m**3 + 28*m**2 - 30*m - 26. Calculate o(-29).
3
Let t(w) = w**3 + 8*w**2 + 9*w. Calculate t(-6).
18
Let j(r) = -r**3 + 5*r**2 + 3*r - 6. What is j(4)?
22
Let b(d) = -17*d. Calculate b(8).
-136
Let l(r) = -r**2 + 4*r + 6. Calculate l(6).
-6
Let q(m) = -m**2 - m + 27. Calculate q(-10).
-63
Let p(f) = -f**2 + 2*f + 20. What is p(-4)?
-4
Let h(i) = i**2 + 25*i - 25. Calculate h(-26).
1
Let k(b) = 30*b - 331. What is k(11)?
-1
Let r(l) = -l**2 - 24*l + 65. Determine r(-25).
40
Let w(p) = -2*p + 5. Give w(23).
-41
Let s(g) = 6*g**3 + 4*g**2 - 2*g - 1. Give s(2).
59
Let r(b) = -3*b**2 + 14*b + 6. What is r(8)?
-74
Let c(y) = y**3 + 9*y**2 + 6*y + 43. Determine c(-9).
-11
Let b(f) = -5*f. What is b(-6)?
30
Let h(i) = 3*i - 2. Give h(-1).
-5
Let r(c) = -c**3 - 7*c**2 - 3*c + 19. Give r(-4).
-17
Let y(z) = 60*z - 291. Determine y(5).
9
Let o(l) = 4*l + 2. Determine o(6).
26
Let w(c) = -c**3 + 5*c**2 + 2*c - 7. Determine w(5).
3
Let s(c) = c**3 - c**2 - 4*c + 10. What is s(4)?
42
Let j(k) = -10*k + 94. What is j(10)?
-6
Let b(n) = n**2 + 3*n - 32. Calculate b(-8).
8
Let z(x) = -x**3 - 5*x**2 + 3*x + 2. Give z(2).
-20
Let c(v) = v**3 + 9*v**2 - 11*v - 14. What is c(-10)?
-4
Let l(y) = -y**3 + 6*y**2 + 9*y - 14. What is l(6)?
40
Let l(x) = -x**2 + 10*x - 10. What is l(5)?
15
Let i(m) = m**2 - 3. Calculate i(4).
13
Let p(h) = -h**2 - 18*h - 89. Give p(-15).
-44
Let g(i) = -2*i**2 - 15*i - 11. What is g(-10)?
-61
Let m(q) = -3*q**3 - q**2 + 3*q + 3. What is m(2)?
-19
Let r(y) = -y**2 + 5*y + 4. Calculate r(2).
10
Let v(z) = 4*z + 6. What is v(-1)?
2
Let n(m) = -13*m - 103. Give n(-8).
1
Let k(y) = -3*y**2 + 5*y + 4. Give k(4).
-24
Let f(s) = -s**3 + 3*s**2 + 40*s + 8. What is f(8)?
8
Let p(j) = 3*j - 54. What is p(13)?
-15
Let v(q) = -q - 11. Determine v(0).
-11
Let a(t) = t**3 + 11*t**2 - 9*t - 14. Determine a(-11).
85
Let d(t) = 3*t**2 + 9*t + 2. Calculate d(-5).
32
Let u(n) = -n**2 - 6*n - 18. Calculate u(-8).
-34
Let b(s) = -7*s**2 + 8*s - 4. What is b(1)?
-3
Let j(u) = -u - 4. What is j(2)?
-6
Let u(c) = -24*c - 3. Calculate u(-2).
45
Let l(b) = 2*b**2 - 7*b + 4. What is l(5)?
19
Let y(i) = i**3 + i**2 - 16*i - 2. Calculate y(5).
68
Let j(k) = 35*k**3 + 7*k**2 + k - 1. Give j(-1).
-30
Let j(b) = -b + 7. What is j(-3)?
10
Let h(s) = 74*s - 274. Give h(4).
22
Let c(k) = -k**2 + 4*k + 6. What is c(3)?
9
Let k(s) = -s**2 + 14*s + 151. Calculate k(-7).
4
Let u(m) = m**3 - 8*m**2 + 11*m - 4. Calculate u(5).
-24
Let o(g) = 10*g + 45. What is o(-6)?
-15
Let w(g) = 2*g + 12. Give w(-7).
-2
Let h(l) = 2*l**2 + 73*l + 114. Give h(-35).
9
Let h(z) = -z**3 - 12*z**2 - 21*z + 4. What is h(-10)?
14
Let v